36631
Convert -23525b (base 12) to base 3.
-1001220100022
Convert -c42a (base 14) to base 2.
-1000001111010110
What is -247801 (base 9) in base 15?
-2e714
Convert -7ea86 (base 16) to base 7.
-4260336
Convert 1200344343 (base 5) to base 8.
12364740
Convert -2653011 (base 9) to base 12.
-5a046a
-121322104 (base 5) to base 7
-4605506
Convert -39626 (base 10) to base 3.
-2000100122
Convert -52e4 (base 16) to base 9.
-32087
-516366 (base 13) to base 6
-104410423
-7b728 (base 16) to base 4
-1323130220
33c6c6 (base 14) to base 9
3276336
-332145b (base 12) to base 13
-203412b
Convert -101340116 (base 7) to base 2.
-10110101010110100001001
What is -104743 (base 8) in base 6?
-431231
Convert -93c860 (base 16) to base 15.
-cb49c8
What is -16015061 (base 7) in base 14?
-2bcc68
What is 31022233 (base 4) in base 14?
15927
What is -14f95 (base 16) in base 6?
-1501421
What is bb35b (base 13) in base 9?
565818
Convert -221310023 (base 4) to base 10.
-171275
Convert 1002010222210 (base 3) to base 10.
573717
What is 1446541 (base 8) in base 7?
3340104
Convert -124213144 (base 5) to base 12.
-258a56
Convert -3208725 (base 10) to base 13.
-884670
b8c5a (base 13) to base 7
2560216
-74 (base 14) to base 12
-86
33425422 (base 6) to base 4
3313232312
What is 54524404 (base 6) in base 15?
22290d
-301c (base 13) to base 16
-19d8
What is 8868b3 (base 13) in base 6?
152513212
What is -81087 (base 10) in base 3?
-11010020020
582648 (base 11) to base 12
38793b
What is -961639 (base 12) in base 3?
-11110020021200
What is -1a1847 (base 14) in base 13?
-265855
What is 2478b (base 12) in base 11?
3420a
-110142343 (base 5) to base 12
-1aa883
827516 (base 12) to base 14
3b336a
What is -27592 (base 13) in base 12?
-36621
Convert 312110131 (base 4) to base 3.
102022012111
Convert 100212222110 (base 3) to base 11.
123255
-111102030 (base 6) to base 8
-7536342
Convert -20000201120222 (base 3) to base 16.
-30df70
-1806471 (base 10) to base 9
-3353010
Convert 87312 (base 13) to base 9.
412213
-120010111 (base 4) to base 7
-560260
Convert b9ada (base 16) to base 5.
143314123
What is -10000010010010010111 (base 2) in base 4?
-2002102113
Convert -2721900 (base 10) to base 7.
-32064366
Convert 2233213332 (base 4) to base 5.
141004413
-17287033 (base 10) to base 12
-59580a1
11433893 (base 10) to base 15
100cc48
Convert 2357163 (base 12) to base 15.
900059
What is 112b0 (base 15) in base 4?
31111113
-100010101 (base 4) to base 8
-200421
Convert 113144 (base 9) to base 6.
1242234
Convert 100100101101111111001 (base 2) to base 15.
18b77d
Convert 450355543 (base 6) to base 9.
16300580
Convert -1111011011110111100 (base 2) to base 5.
-112141123
-2635825 (base 11) to base 5
-2131423001
Convert 23ab23 (base 14) to base 15.
191983
Convert b3b59 (base 13) to base 4.
1032302013
313311104 (base 5) to base 2
100111111000110010101
Convert 838335 (base 9) to base 12.
200372
What is -1230405 (base 9) in base 10?
-669551
-10100001110100110 (base 2) to base 5
-10122404
Convert eb6eb0 (base 15) to base 8.
52611652
Convert 112120122101 (base 3) to base 4.
1012003312
What is 2636a (base 15) in base 13?
4386a
101120220 (base 4) to base 6
1305400
1fa0a (base 16) to base 15
285b6
Convert -21111444 (base 7) to base 3.
-10100122220010
Convert bd0c8a (base 16) to base 14.
19071b4
Convert -111110310010 (base 4) to base 15.
-7565a1
What is 38a15b (base 16) in base 6?
211314015
Convert -892691 (base 16) to base 4.
-202102122101
What is 6001a1 (base 11) in base 2?
11101011111110001010
What is -42635236 (base 7) in base 5?
-1412424410
100101121100 (base 3) to base 8
551056
12331111013 (base 4) to base 3
10102200011012
What is -1011760 (base 10) in base 15?
-14ebaa
Convert 25514613 (base 7) to base 12.
940703
123132300 (base 4) to base 13
3c306
-4111442 (base 5) to base 3
-10101012212
Convert 4134011102 (base 5) to base 3.
120222212212121
Convert -330007 (base 8) to base 15.
-22b84
Convert -4041866 (base 9) to base 2.
-1000001101101111100101
-b3ba69 (base 15) to base 8
-40460332
Convert 1331150402 (base 6) to base 15.
1615d75
-25417 (base 8) to base 13
-502c
715717 (base 8) to base 12
b4a3b
Convert -b29b5 (base 12) to base 5.
-24423420
-26c19 (base 14) to base 3
-11212020101
Convert 2b6851 (base 13) to base 11.
671a21
221303231 (base 4) to base 15
35b15
-24505344 (base 7) to base 6
-115121523
What is 191966 (base 11) in base 16?
48190
-138e3e (base 15) to base 7
-11000531
Convert -63977 (base 11) to base 14.
-25c7a
What is 5841a2 (base 11) in base 7?
10613236
Convert 1270670 (base 9) to base 15.
db360
Convert -202723 (base 8) to base 10.
-67027
Convert 2134430 (base 6) to base 11.
72706
-127429 (base 12) to base 15
-5eba9
33311113 (base 6) to base 7
11353020
What is -682718 (base 9) in base 16?
-63cf8
-33424430 (base 8) to base 6
-414423304
What is -20313120002 (base 4) in base 7?
-25516265
Convert -334832 (base 10) to base 12.
-141928
6639 (base 13) to base 6
145540
What is 61681 (base 9) in base 15?
c0a4
Convert 107345 (base 11) to base 16.
29b1c
Convert -10040213 (base 5) to base 13.
-2a955
-21311242 (base 5) to base 8
-543470
Convert -42422 (base 9) to base 3.
-1102110202
446771 (base 14) to base 13
6343c3
What is 121012100221 (base 3) in base 4?
1031311321
Convert 101000011010000101 (base 2) to base 14.
44461
What is 29479 (base 15) in base 5?
13221024
-129247 (base 12) to base 9
-516021
Convert 50851 (base 11) to base 13.
27a2c
What is 12033211312 (base 4) in base 11?
a18773
What is -12010011212020 (base 3) in base 9?
-5104766
Convert 840801 (base 9) to base 14.
cdd53
-1011000010110000101100 (base 2) to base 11
-16a7a80
What is -41440300 (base 7) in base 12?
-1202b94
12715 (base 15) to base 5
3341340
Convert -178aa (base 11) to base 5.
-1300141
6a729 (base 11) to base 9
164861
What is 306777 (base 13) in base 6?
40103450
Convert -3143013 (base 5) to base 14.
-153b5
100201200110 (base 3) to base 9
321613
What is 101002020010 (base 3) in base 11?
126112
154003162 (base 7) to base 4
213133320322
10001001001100110 (base 2) to base 11
48860
What is -252d (base 15) in base 9?
-11767
What is 221531 (base 9) in base 16?
2051e
25b0d (base 16) to base 5
14420011
What is -203042024 (base 5) in base 6?
-25450413
Convert 24e56c (base 15) to base 11.
aa9693
What is 453076 (base 14) in base 4?
20332021200
What is 741167 (base 8) in base 13?
881c2
3238472 (base 10) to base 4
30112221020
What is 144433344 (base 5) in base 11?
493422
Convert 6752104 (base 11) to base 3.
211021011102201
6831203 (base 11) to base 6
1104225305
111010002102201 (base 3) to base 5
3241011211
Convert 1d181 (base 14) to base 8.
221235
What is -13634030 (base 7) in base 14?
-2568c0
Convert -10002002022212 (base 3) to base 7.
-16620614
Convert -1000011001100101011110 (base 2) to base 16.
-21995e
What is -10a8a (base 12) in base 11?
-15817
What is -5147d (base 15) in base 16?
-3edee
Convert -22445556 (base 7) to base 14.
-390a2d
Convert -5c39ba (base 16) to base 9.
-12331835
Convert 1963758 (base 10) to base 12.
7a8526
What is 1214578 (base 9) in base 10?
659492
Convert 530763 (base 9) to base 15.
6376c
What is -253634 (base 7) in base 2?
-1011011101110111
Convert 64060332 (base 7) to base 3.
101012200122220
What is -23535 (base 9) in base 12?
-9142
What is -730845 (base 11) in base 14?
-227317
Convert 20bd1 (base 14) to base 4.
103111003
Convert 2344252 (base 10) to base 11.
13612a9
1384548 (base 9) to base 15
10177b
What is 10001011111011000111 (base 2) in base 9?
1063157
What is -101220250 (base 6) in base 7?
-20554026
Convert 4224344 (base 5) to base 6.
1302503
92655 (base 14) to base 12
14bb97
-210311200 (base 4) to base 2
-100100110101100000
24173 (base 12) to base 5
3023430
349068 (base 14) to base 8
6653664
Convert 129992 (base 11) to base 12.
99926
What is 2b3c0a (base 13) in base 4?
10010012222
What is -28937 (base 12) in base 15?
-11baa
Convert -1a7160 (base 11) to base 4.
-1031120211
210122221210201 (base 3) to base 13
250183c
352467 (base 11) to base 8
2104731
What is -3513c (base 15) in base 2?
-101001010001001000
Convert 181998 (base 11) to base 8.
1044202
What is -11040103 (base 5) in base 11?
-66376
Convert 4000ed (base 15) to base 8.
13455033
Convert 14112140 (base 7) to base 15.
1ae575
Convert -100001000110011000010100 (base 2) to base 8